- c/6?
8
Let a = -2595 - -2668. What is the remainder when a is divided by 11?
7
Let n(k) = -k**3 - 17*k**2 + 36*k - 18. Let v = -2 - -31. Suppose v = g - 28. Calculate the remainder when g is divided by n(-19).
17
Let t(y) = -63*y**2 - y + 4. Let q be t(-2). Let c = 356 + q. Calculate the remainder when c is divided by 38.
34
Suppose 4*q = -3*k + 23, 14*q - 9*q - 2*k = 0. Suppose -5*s = -101 + 21. Calculate the remainder when s is divided by (39/(-6) + 6)*(-20 + q).
7
Suppose 0 = -3*j - 3*a + 456, j = -3*j + 5*a + 617. Calculate the remainder when 349 is divided by j.
43
Let y(w) = -3*w**2 + 34*w - 9. Let c be y(11). Calculate the remainder when ((-1273)/38)/(3/c + -2) is divided by 18.
13
Let y = 88 + -33. Calculate the remainder when y is divided by (6/7)/(5200/(-1750) + 6/2).
25
Calculate the remainder when 4311/12 + -5*(-19)/(-380) is divided by 3.
2
Suppose -69 = 424*b - 471*b + 2328. Calculate the remainder when 293 is divided by b.
38
Let p(x) be the second derivative of 7*x**4/6 - x**3/2 + 3*x**2/2 - 7*x - 3. Calculate the remainder when p(1) is divided by 2.
0
Let h(q) = q**2 + 14*q + 31. Let b(x) = 2*x + 4*x + 3 + 2*x**2 + 2*x**2 - 5*x**2. What is the remainder when h(-14) is divided by b(5)?
7
Let z(s) = 1 + 0 - 292*s**3 + 311*s**3 - 2*s. Calculate the remainder when 105 is divided by z(1).
15
Let m(g) = -g**3 + 14*g**2 - 14*g + 25. Suppose -3*v + 3*y - 83 = 22, 163 = -5*v + y. Let b = v + 54. Calculate the remainder when b is divided by m(13).
10
Calculate the remainder when 1295 is divided by 340/15 + (-1 + (-65)/(-15) - 4).
19
Suppose 80 = 3*k + 2*k. What is the remainder when (-7*3/(-6)*25)/((-175)/(-350)) is divided by k?
15
Let x(v) be the first derivative of 91*v**3/3 - v**2 - v - 20. Let w be x(-1). Let f = w + -66. Calculate the remainder when 41 is divided by f.
15
Let a(r) be the first derivative of -5*r**2 - 9*r - 11. Calculate the remainder when a(-3) is divided by 11.
10
Suppose 8*r - 5*f - 166 = 5*r, -5*r = -3*f - 298. Suppose -5*m + 21 = -99. What is the remainder when r is divided by m?
14
Calculate the remainder when (-3)/(-15) + 6762/15 - 0/6 is divided by 90.
1
Let o = 79 - 11. Suppose 4*z - f = 284, z - o = -2*f + 3*f. Suppose 78 = 5*m - z. Calculate the remainder when 115 is divided by m.
25
Let w = 407 + -1364. Let a = w - -959. Let n = -9 - -18. What is the remainder when n is divided by a?
1
Let m = 1748 + -1725. What is the remainder when 52 is divided by m?
6
Let l = 5227 + -3045. Calculate the remainder when l is divided by 23.
20
Suppose -99*p + 76611 = 35*p - 16519. What is the remainder when p is divided by 29?
28
Suppose 83*s + 21*s - 172380 = 2*s. What is the remainder when s is divided by 69?
34
Suppose 4*m - 8*m + 20 = 0. Suppose j - 3*d = 9, -j - d + 0*d + m = 0. Suppose 0*x = -j*x + 48. What is the remainder when 23 is divided by x?
7
Suppose 0 = 2*q + 2*k, 17*k = -5*q + 16*k + 28. What is the remainder when 5773 is divided by q?
5
Let u be (-8 + (13 - 6))*221. Let c = u + 234. Calculate the remainder when 49 is divided by c.
10
Let y = 107 + 132. What is the remainder when y is divided by (44/(-3))/(-6 + (-224)/(-42))?
19
Suppose 12 - 2 = 2*y. Suppose 624 + 552 = 2*z + 1038. Calculate the remainder when z is divided by y.
4
Calculate the remainder when (13 + 6/(-12))*(2 + (-2728)/(-20)) is divided by 861.
8
Let n(p) = p**3 - 21*p**2 + 36*p + 256. Suppose 4*v = 0, 2*c + 0*v - 68 = 3*v. Calculate the remainder when n(20) is divided by c.
32
Let z = 21014 + -20207. Calculate the remainder when z is divided by 278.
251
Let w = -14 - -8. Let a be -2*35/(-4)*(-14)/(-5). Let u = a + w. Calculate the remainder when u is divided by 15.
13
Suppose -k + 1 + 8 = 0. Suppose 2*j = -2*p + 4, 0*p - j = -2*p + 16. Suppose 103 = p*w + 31. What is the remainder when w is divided by k?
3
Calculate the remainder when (1300/80 + -16)*272 is divided by 68.
0
Let x(n) = 24*n - n**3 - 5*n**3 + 7*n**3 + 34 + 3 + 14*n**2 - 9*n. Calculate the remainder when x(-11) is divided by 12.
7
Let d(r) = r**3 + 25*r**2 + 88*r + 269. Calculate the remainder when 1022 is divided by d(-21).
97
Let h = -1647 + 1735. What is the remainder when 261 is divided by h?
85
Let l(t) = -64*t - 278. Calculate the remainder when l(-8) is divided by 31.
17
Let o(y) = 4*y**2 + 256*y + 2. What is the remainder when 2880 is divided by o(-65)?
260
What is the remainder when 456 is divided by (-162)/(-189)*(-133)/(-1)?
0
Let f = 26 - 41. Let z(d) = d + 40. Let t(m) = -4*m - 194. Let c(p) = -3*t(p) - 14*z(p). What is the remainder when c(f) is divided by 18?
16
Suppose 47*w - 717 = -881 + 2138. Suppose -q = 2*q + 2*v - 93, -9 = 3*v. Calculate the remainder when w is divided by q.
9
Suppose 2*a = 6*a - 104. Calculate the remainder when a/(-1)*-8*3/6 is divided by 16.
8
Suppose -17 = -3*p + 79. Let x = 1054 - 1055. What is the remainder when p is divided by 252/15 - x - (-5)/25?
14
Let g(o) = 2*o**2 + 10*o + 19. Let m be g(-3). Let j(p) = p**3 - 6*p**2 - 6*p + 11. Let t = -8 - -79. What is the remainder when t is divided by j(m)?
17
Let i(p) = p**2 - 7*p + 11. Let d(v) = -3*v - 32. Let b be d(-13). Let j be i(b). What is the remainder when 23 is divided by -2 + j + (-40)/10?
3
Suppose d + 216 = 5*d. Let f = -86658 - -86671. What is the remainder when d is divided by f?
2
Suppose -8*y + 30 = -3*y, -2*w + 764 = y. Calculate the remainder when w is divided by 31.
7
Let b = -47 - -105. Let a(p) = 23 + 41 - 43*p + 45*p. What is the remainder when b is divided by a(-27)?
8
Suppose -24*c + 115 = -101. Suppose -d = 3*q - 106, 12*d = -4*q + c*d + 133. Calculate the remainder when 147 is divided by q.
36
Let s = -2628 - -2642. Calculate the remainder when 725 is divided by s.
11
Let f = -3639 + 3704. Calculate the remainder when 116 is divided by f.
51
Suppose 4063 = 104*s - 2801. Let b = 6 - 2. Suppose b*o - 121 = -4*w - 37, 2*o + w = 38. Calculate the remainder when s is divided by o.
15
Suppose -151 = -52*p + 57. Calculate the remainder when p/(-10*3/(-1245)) is divided by 6.
4
Let a(r) = -43*r - 93. Suppose 0 = -m + 5*m + 20. What is the remainder when a(m) is divided by 35?
17
Suppose 0 = -2*z + 1 - 3. Let o(b) = -30*b**3 + 8*b**2 + 7*b - 1. What is the remainder when 90 is divided by o(z)?
0
Let t(z) = 253*z**3 + 77*z**2 - 81*z + 4. Calculate the remainder when 969 is divided by t(1).
210
Suppose -5*c + 313 = 73. Let b = c + -17. Suppose 2*o - 20 = 2. Calculate the remainder when b is divided by o.
9
Suppose -6*f - g - 536 = -9*f, -3*f - 5*g = -560. What is the remainder when 2158 is divided by f?
178
Let k(t) = -3*t + 1. Let z(a) = -14*a + 99. Let x be z(7). What is the remainder when (35 - -26)/(x + (0 - 0)) is divided by k(-4)?
9
Let s be 868 - (1 - 2/4*6). Let p be (-5)/(-10) - s/(-4). Suppose -4*i - u + p = u, -268 = -5*i - 4*u. Calculate the remainder when i is divided by 10.
6
Suppose 285*u + 2637 = 288*u - y, 0 = -3*u + 2*y + 2640. Calculate the remainder when u is divided by 49.
45
Suppose c + 4*a = 173, -a - 168 - 592 = -4*c. What is the remainder when 1143 is divided by c?
9
What is the remainder when 413 is divided by 7/2 - 150/60 - (-2 - 66)?
68
Suppose -3*a + 328 = -2*d, 4*a + 139 = 5*d + 560. What is the remainder when 764 is divided by a?
80
Suppose 249*a - 2145 = 238*a. Suppose -3*w + 3*g = -144, 243 = 5*w - g - g. Calculate the remainder when a is divided by w.
48
Let g be (2 + 24/(-15))/((-10)/(-43825)). Suppose -18*t - 475 = -g. What is the remainder when t is divided by 9?
8
Let m be 6 + 10/(-15)*33. Calculate the remainder when (m/4 - -1) + 36 is divided by 10.
3
Suppose 600 = 3*y - 579. Let z(a) = -5*a**2 - 16*a + 19. What is the remainder when y is divided by z(-3)?
19
Suppose -114 = -4*d + 46. Let q = -233 + 760. Suppose 0 = 4*z - 4, -4*z + q + 272 = 5*n. What is the remainder when n is divided by d?
39
Let h be (-16 + 5)/((-2)/14). Suppose 15 = 3*g, -h = -n + 4*n - g. Let k = -8 - n. Calculate the remainder when 77 is divided by k.
13
Suppose 3*k - 1 + 13 = 0. Let m be 1/(k + (-36)/(-8)). Suppose f = m*d + 6 + 7, 0 = -f - 5*d + 27. Calculate the remainder when 65 is divided by f.
14
Let z be (4 + 1)/((-5)/(-3)). Suppose -3 = 3*h, -z*k = -0*k - 2*h + 22. Calculate the remainder when -8 + (-58)/k + (-367)/(-4) is divided by 31.
29